{"id":11179,"date":"2021-07-19T13:44:45","date_gmt":"2021-07-19T11:44:45","guid":{"rendered":"https:\/\/www.ciudadrodrigo.es\/ayuntamiento\/?page_id=11179"},"modified":"2022-02-10T14:18:34","modified_gmt":"2022-02-10T13:18:34","slug":"carnaval-del-toro-2022","status":"publish","type":"page","link":"https:\/\/www.ciudadrodrigo.es\/ayuntamiento\/carnaval-del-toro-2022\/","title":{"rendered":"Carnaval del Toro 2022"},"content":{"rendered":"<table style=\"width: 100%; border-collapse: collapse;\">\n<tbody>\n<tr style=\"height: 24px;\">\n<td style=\"width: 100%; height: 24px;\">\n<h3>NOTICIAS CARNAVAL 2022, <a href=\"https:\/\/www.ciudadrodrigo.es\/ayuntamiento\/category\/carnaval-del-toro-2022\/\" target=\"_blank\" rel=\"noopener\">ver aqu\u00ed<\/a><\/h3>\n<\/td>\n<\/tr>\n<\/tbody>\n<\/table>\n<p>&nbsp;<\/p>\n<table style=\"width: 100%; border-collapse: collapse;\">\n<tbody>\n<tr style=\"height: 65px;\">\n<td style=\"width: 100%; height: 65px;\">\n<h3>PROGRAMA DEL CARNAVAL 2022. <a href=\"https:\/\/www.ciudadrodrigo.es\/ayuntamiento\/wp-content\/uploads\/2022\/02\/PROGRAMA-DEL-CARNAVAL-2022-web2.pdf\" target=\"_blank\" rel=\"noopener\">ver aqu\u00ed<\/a><\/h3>\n<\/td>\n<\/tr>\n<tr style=\"height: 64px;\">\n<td style=\"width: 100%; height: 64px;\"><\/td>\n<\/tr>\n<\/tbody>\n<\/table>\n<p>&nbsp;<\/p>\n<table style=\"width: 100%; border-collapse: collapse;\">\n<tbody>\n<tr>\n<td style=\"width: 100%;\">\n<h3>CARTEL PLAZA DE TOROS CIUDAD RODRIGO. CARNAVAL DEL TORO 2022. <a href=\"https:\/\/www.ciudadrodrigo.es\/ayuntamiento\/wp-content\/uploads\/2022\/02\/cartel-plaza-de-toros-de-ciudad-rodrigo-carnaval-2022.jpg\" target=\"_blank\" rel=\"noopener\">ver aqu\u00ed<\/a><\/h3>\n<\/td>\n<\/tr>\n<tr>\n<td style=\"width: 100%;\"><a href=\"https:\/\/www.ciudadrodrigo.es\/ayuntamiento\/wp-content\/uploads\/2022\/02\/cartel-plaza-de-toros-de-ciudad-rodrigo-carnaval-2022.jpg\" target=\"_blank\" rel=\"noopener\"><img loading=\"lazy\" decoding=\"async\" class=\"aligncenter wp-image-12440 size-full\" src=\"https:\/\/www.ciudadrodrigo.es\/ayuntamiento\/wp-content\/uploads\/2022\/02\/cartel-plaza-de-toros-de-ciudad-rodrigo-carnaval-2022.jpg\" alt=\"\" width=\"804\" height=\"1600\" srcset=\"https:\/\/www.ciudadrodrigo.es\/ayuntamiento\/wp-content\/uploads\/2022\/02\/cartel-plaza-de-toros-de-ciudad-rodrigo-carnaval-2022.jpg 804w, https:\/\/www.ciudadrodrigo.es\/ayuntamiento\/wp-content\/uploads\/2022\/02\/cartel-plaza-de-toros-de-ciudad-rodrigo-carnaval-2022-151x300.jpg 151w, https:\/\/www.ciudadrodrigo.es\/ayuntamiento\/wp-content\/uploads\/2022\/02\/cartel-plaza-de-toros-de-ciudad-rodrigo-carnaval-2022-515x1024.jpg 515w, https:\/\/www.ciudadrodrigo.es\/ayuntamiento\/wp-content\/uploads\/2022\/02\/cartel-plaza-de-toros-de-ciudad-rodrigo-carnaval-2022-768x1528.jpg 768w, https:\/\/www.ciudadrodrigo.es\/ayuntamiento\/wp-content\/uploads\/2022\/02\/cartel-plaza-de-toros-de-ciudad-rodrigo-carnaval-2022-772x1536.jpg 772w, https:\/\/www.ciudadrodrigo.es\/ayuntamiento\/wp-content\/uploads\/2022\/02\/cartel-plaza-de-toros-de-ciudad-rodrigo-carnaval-2022-800x1592.jpg 800w, https:\/\/www.ciudadrodrigo.es\/ayuntamiento\/wp-content\/uploads\/2022\/02\/cartel-plaza-de-toros-de-ciudad-rodrigo-carnaval-2022-650x1294.jpg 650w, https:\/\/www.ciudadrodrigo.es\/ayuntamiento\/wp-content\/uploads\/2022\/02\/cartel-plaza-de-toros-de-ciudad-rodrigo-carnaval-2022-440x876.jpg 440w\" sizes=\"auto, (max-width: 804px) 100vw, 804px\" \/><\/a><\/td>\n<\/tr>\n<\/tbody>\n<\/table>\n<p>&nbsp;<\/p>\n<table style=\"width: 100%; border-collapse: collapse;\">\n<tbody>\n<tr>\n<td style=\"width: 100%;\">\n<h3>PLANO INFORMATIVO DEL CARNAVAL 2022. ver aqu\u00ed<\/h3>\n<\/td>\n<\/tr>\n<tr>\n<td style=\"width: 100%;\"><a href=\"https:\/\/www.ciudadrodrigo.es\/ayuntamiento\/wp-content\/uploads\/2022\/02\/CITY-MAP-CARNAVAL-2022.jpg\" target=\"_blank\" rel=\"noopener\"><img loading=\"lazy\" decoding=\"async\" class=\"aligncenter wp-image-12428 size-full\" src=\"https:\/\/www.ciudadrodrigo.es\/ayuntamiento\/wp-content\/uploads\/2022\/02\/CITY-MAP-CARNAVAL-2022.jpg\" alt=\"\" width=\"1024\" height=\"722\" srcset=\"https:\/\/www.ciudadrodrigo.es\/ayuntamiento\/wp-content\/uploads\/2022\/02\/CITY-MAP-CARNAVAL-2022.jpg 1024w, https:\/\/www.ciudadrodrigo.es\/ayuntamiento\/wp-content\/uploads\/2022\/02\/CITY-MAP-CARNAVAL-2022-300x212.jpg 300w, https:\/\/www.ciudadrodrigo.es\/ayuntamiento\/wp-content\/uploads\/2022\/02\/CITY-MAP-CARNAVAL-2022-768x542.jpg 768w, https:\/\/www.ciudadrodrigo.es\/ayuntamiento\/wp-content\/uploads\/2022\/02\/CITY-MAP-CARNAVAL-2022-800x564.jpg 800w, https:\/\/www.ciudadrodrigo.es\/ayuntamiento\/wp-content\/uploads\/2022\/02\/CITY-MAP-CARNAVAL-2022-650x458.jpg 650w, https:\/\/www.ciudadrodrigo.es\/ayuntamiento\/wp-content\/uploads\/2022\/02\/CITY-MAP-CARNAVAL-2022-440x310.jpg 440w\" sizes=\"auto, (max-width: 1024px) 100vw, 1024px\" \/><\/a><\/td>\n<\/tr>\n<\/tbody>\n<\/table>\n<p>&nbsp;<\/p>\n<table style=\"width: 100%; border-collapse: collapse; height: 177px;\">\n<tbody>\n<tr style=\"height: 65px;\">\n<td style=\"height: 65px; width: 0.628931%;\" colspan=\"2\">\n<h6>\u00a0<a href=\"https:\/\/www.ciudadrodrigo.es\/ayuntamiento\/cartel-ganador-xl-concurso-de-carteles-carnaval-del-toro-2022\/\" target=\"_blank\" rel=\"noopener noreferrer\">CARTEL GANADOR<\/a><\/h6>\n<\/td>\n<\/tr>\n<tr style=\"height: 105px;\">\n<td style=\"height: 105px; width: 0.628931%;\" colspan=\"2\">\n<h6>CARTELES CARNAVAL DEL TORO 2022 FINALISTAS, <a href=\"https:\/\/www.ciudadrodrigo.es\/ayuntamiento\/carteles-finalistas-xl-concurso-de-carteles-carnaval-del-toro-2022\/\" target=\"_blank\" rel=\"noopener noreferrer\">ver aqu\u00ed<\/a><\/h6>\n<p><em>La votaci\u00f3n final, ser\u00e1 realizada por el jurado el 9 de Agosto de 2021.<\/em><\/td>\n<\/tr>\n<tr style=\"height: 95px;\">\n<td style=\"height: 95px; width: 0.628931%;\" colspan=\"2\">\n<p>Puede realizar su voto de <strong>forma PRESENCIAL el d\u00eda 3 de agosto de 2021, de 11:00 a 14:00 h<\/strong>. en el Ayuntamiento de Ciudad Rodrigo provisto del DNI.<\/p>\n<p><em>El ciudadano solo podr\u00e1 votar una vez (bien online o presencial) y a un solo cartel.<\/em><\/td>\n<\/tr>\n<tr style=\"height: 24px;\">\n<td style=\"height: 24px; width: 0.628931%;\" colspan=\"2\">\n<h6>Acceso a la VOTACI\u00d3N ONLINE &#8211; (LA VOTACI\u00d3N ONLINA HA FINALIZADO &#8211; 30 julio de 2021 a las 14:00h.<em>)<br \/>\n<\/em><em>(del 23 de julio a las 8:30h. hasta el 30 de julio a las 14:00h.)<\/em><\/h6>\n<\/td>\n<\/tr>\n<tr style=\"height: 65px;\">\n<td style=\"height: 70px; width: 0.628931%;\" colspan=\"2\">\n<h6>CARTELES CARNAVAL DEL TORO 2022 que pasan a concurso.<\/h6>\n<p><em>(a partir del 22 de Julio de 2021 &#8211; <a href=\"https:\/\/www.ciudadrodrigo.es\/ayuntamiento\/xl-concurso-de-carteles-carnaval-del-toro-2022-ayuntamiento-de-ciudad-rodrigo\/\" target=\"_blank\" rel=\"noopener noreferrer\">ver aqu\u00ed<\/a>)<\/em><\/td>\n<\/tr>\n<tr style=\"height: 23px;\">\n<td style=\"height: 23px; width: 0.628931%;\" colspan=\"2\">\n<h6>\u00a0 Concurso Cartel Carnaval del Toro 2022<\/h6>\n<ul>\n<li><a href=\"https:\/\/www.ciudadrodrigo.es\/ayuntamiento\/wp-content\/uploads\/2021\/07\/solicitud-de-participacion-en-el-concurso-carnaval-2022.pdf\" target=\"_blank\" rel=\"noopener noreferrer\">Solicitud de participaci\u00f3n en el Concurso<\/a><\/li>\n<li><a href=\"https:\/\/www.ciudadrodrigo.es\/ayuntamiento\/wp-content\/uploads\/2021\/07\/BASES-XL-CONCURSO-DE-CARTELES-CARNAVAL-DEL-TORO-2022.pdf\" target=\"_blank\" rel=\"noopener noreferrer\">Bases de la Convocatoria<\/a><\/li>\n<li><a href=\"https:\/\/www.ciudadrodrigo.es\/ayuntamiento\/wp-content\/uploads\/2021\/07\/autorizacion-participacion-a-menor-de-edad-carnaval-2022.pdf\" target=\"_blank\" rel=\"noopener noreferrer\">Autorizaci\u00f3n participaci\u00f3n a menor de edad<\/a><\/li>\n<\/ul>\n<\/td>\n<\/tr>\n<tr style=\"height: 65px;\">\n<td style=\"height: 65px; width: 0.628931%;\" colspan=\"2\">\n<h6><a style=\"font-family: inherit; font-size: inherit;\" href=\"https:\/\/www.ciudadrodrigo.es\/ayuntamiento\/area-de-carnaval\/\">REFERENCIA HIST\u00d3RICA<\/a><\/h6>\n<\/td>\n<\/tr>\n<\/tbody>\n<\/table>\n<p>&nbsp;<\/p>\n","protected":false},"excerpt":{"rendered":"<p>NOTICIAS CARNAVAL 2022, ver aqu\u00ed &nbsp; PROGRAMA DEL CARNAVAL 2022. ver aqu\u00ed &nbsp; CARTEL PLAZA DE TOROS CIUDAD RODRIGO. CARNAVAL DEL TORO 2022. ver aqu\u00ed &nbsp; PLANO INFORMATIVO DEL CARNAVAL 2022. ver aqu\u00ed &nbsp; \u00a0CARTEL GANADOR CARTELES CARNAVAL DEL TORO 2022 FINALISTAS, ver aqu\u00ed La votaci\u00f3n final, ser\u00e1 realizada por el jurado el 9 de [&hellip;]<\/p>\n","protected":false},"author":1,"featured_media":11214,"parent":0,"menu_order":0,"comment_status":"closed","ping_status":"closed","template":"","meta":{"footnotes":""},"class_list":["post-11179","page","type-page","status-publish","has-post-thumbnail","hentry"],"_links":{"self":[{"href":"https:\/\/www.ciudadrodrigo.es\/ayuntamiento\/wp-json\/wp\/v2\/pages\/11179","targetHints":{"allow":["GET"]}}],"collection":[{"href":"https:\/\/www.ciudadrodrigo.es\/ayuntamiento\/wp-json\/wp\/v2\/pages"}],"about":[{"href":"https:\/\/www.ciudadrodrigo.es\/ayuntamiento\/wp-json\/wp\/v2\/types\/page"}],"author":[{"embeddable":true,"href":"https:\/\/www.ciudadrodrigo.es\/ayuntamiento\/wp-json\/wp\/v2\/users\/1"}],"replies":[{"embeddable":true,"href":"https:\/\/www.ciudadrodrigo.es\/ayuntamiento\/wp-json\/wp\/v2\/comments?post=11179"}],"version-history":[{"count":28,"href":"https:\/\/www.ciudadrodrigo.es\/ayuntamiento\/wp-json\/wp\/v2\/pages\/11179\/revisions"}],"predecessor-version":[{"id":12444,"href":"https:\/\/www.ciudadrodrigo.es\/ayuntamiento\/wp-json\/wp\/v2\/pages\/11179\/revisions\/12444"}],"wp:featuredmedia":[{"embeddable":true,"href":"https:\/\/www.ciudadrodrigo.es\/ayuntamiento\/wp-json\/wp\/v2\/media\/11214"}],"wp:attachment":[{"href":"https:\/\/www.ciudadrodrigo.es\/ayuntamiento\/wp-json\/wp\/v2\/media?parent=11179"}],"curies":[{"name":"wp","href":"https:\/\/api.w.org\/{rel}","templated":true}]}}