{"id":3019,"date":"2018-05-30T09:40:28","date_gmt":"2018-05-30T09:40:28","guid":{"rendered":"http:\/\/www.ciudadrodrigo.es\/ayuntamiento\/?page_id=3019"},"modified":"2019-06-19T11:31:01","modified_gmt":"2019-06-19T11:31:01","slug":"comisiones-informativas-2015-2019","status":"publish","type":"page","link":"https:\/\/www.ciudadrodrigo.es\/ayuntamiento\/comisiones-informativas-2015-2019\/","title":{"rendered":"Comisiones informativas 2015-2019"},"content":{"rendered":"<table style=\"height: 45px;\" width=\"477\">\n<tbody>\n<tr>\n<td style=\"width: 20px; text-align: left; vertical-align: middle;\"><img loading=\"lazy\" decoding=\"async\" class=\"alignleft size-full wp-image-2584\" src=\"http:\/\/www.ciudadrodrigo.es\/ayuntamiento\/wp-content\/uploads\/2018\/04\/icono-atras.png\" alt=\"icono-atras\" width=\"20\" height=\"12\" \/><\/td>\n<td style=\"text-align: left; vertical-align: middle;\">\u00a0<a href=\"http:\/\/www.ciudadrodrigo.es\/ayuntamiento\/organos-de-gobierno\/\">\u00d3rganos de Gobierno<\/a> &#8211;&gt; <b>Comisiones informativas.<\/b><\/td>\n<\/tr>\n<\/tbody>\n<\/table>\n<h3><strong>COMISIONES INFORMATIVAS.<\/strong><\/h3>\n<p><strong><span style=\"text-decoration: underline;\">COMISI\u00d3N INFORMATIVA DE ECONOM\u00cdA Y HACIENDA, DESARROLLO Y R\u00c9GIMEN INTERIOR<\/span>\u00a0<\/strong><\/p>\n<p><span style=\"text-decoration: underline;\">Presidente:<\/span><br \/>\nD. Juan Tom\u00e1s Mu\u00f1oz Garz\u00f3n.<br \/>\n<span style=\"text-decoration: underline;\">Vocales:<\/span><br \/>\nD. Manuel Choya Moreno.<br \/>\nD\u00aa Soraya Mangas Mu\u00f1oz.<br \/>\nD. Marcos Iglesias Caridad.<br \/>\nD\u00aa. Carolina Paniagua S\u00e1nchez.<br \/>\n<span style=\"text-decoration: underline;\">Secretario:<\/span><br \/>\nD. Carlos Cesar Casta\u00f1o Moreno.<br \/>\n<span style=\"text-decoration: underline;\">Secretario suplente:<\/span><br \/>\nD. Carlos A. Hern\u00e1ndez Rubio.<\/p>\n<p><strong><span style=\"text-decoration: underline;\">COMISI\u00d3N INFORMATIVA DE URBANISMO, OBRAS E INSTALACIONES<\/span>\u00a0<\/strong><\/p>\n<p><span style=\"text-decoration: underline;\">Presidente:<\/span><br \/>\nD. Domingo Benito Lucas.<br \/>\n<span style=\"text-decoration: underline;\">Vocales:<\/span><br \/>\nD\u00aa. Bego\u00f1a Moro Castro.<br \/>\nD. Joaqu\u00edn Pellicer Valverde.<br \/>\nD. Marcos Iglesias Caridad.<br \/>\nD. Jesus B. S\u00e1nchez Agudo.<br \/>\n<span style=\"text-decoration: underline;\">Secretaria:<\/span><br \/>\nD\u00aa. Mar\u00eda Teresa Cubas P\u00e9rez.<br \/>\n<span style=\"text-decoration: underline;\">Secretaria suplente:<\/span><br \/>\nD\u00aa Marta Sierra Morillo.<\/p>\n<p><strong><span style=\"text-decoration: underline;\">COMISI\u00d3N INFORMATIVA DE DERECHOS DE LA CIUDADANIA Y SERVICIOS SOCIALES<\/span>\u00a0<\/strong><\/p>\n<p><span style=\"text-decoration: underline;\">Presidenta:<\/span><br \/>\nD\u00aa Alejandra M\u00e9ndez Merino.<br \/>\n<span style=\"text-decoration: underline;\">Vocales:<\/span><br \/>\nD. Carlos Fern\u00e1ndez Chanca.<br \/>\nD. Cristian Gonz\u00e1lez Holgado.<br \/>\nD. Miguel Mat\u00edas Rubio Prieto.<br \/>\nD. Ram\u00f3n Sastre Garc\u00eda.<br \/>\n<span style=\"text-decoration: underline;\">Secretaria:<\/span><br \/>\nD\u00aa M\u00aa Lourdes Mart\u00edn Garc\u00eda.<br \/>\n<span style=\"text-decoration: underline;\">Secretario suplente:<\/span><br \/>\nD. Felipe Sevillano Sevillano.<\/p>\n<p><strong><span style=\"text-decoration: underline;\">COMISI\u00d3N INFORMATIVA DE CULTURA, PATRIMONIO, TURISMO Y FESTEJOS<\/span>\u00a0<\/strong><\/p>\n<p><span style=\"text-decoration: underline;\">Presidenta:<\/span><br \/>\nD\u00aa Azahara Mart\u00edn Guti\u00e9rrez.<br \/>\n<span style=\"text-decoration: underline;\">Vocales:<\/span><br \/>\nD\u00aa Alejandra M\u00e9ndez Merino.<br \/>\nD. Cristian Gonz\u00e1lez Holgado.<br \/>\nD\u00aa Beatriz Jorge Carpio.<br \/>\nD. Jos\u00e9 Manuel Jerez Rodr\u00edguez.<br \/>\n<span style=\"text-decoration: underline;\">Secretaria:<\/span><br \/>\nD\u00aa M\u00aa del Mar S\u00e1nchez Zamarre\u00f1o.<br \/>\n<span style=\"text-decoration: underline;\">Secretaria suplente:<\/span><br \/>\nD\u00aa M\u00aa Jes\u00fas Hern\u00e1ndez Rubio.<\/p>\n<p><strong><span style=\"text-decoration: underline;\">COMISI\u00d3N ESPECIAL DE CUENTAS<\/span>\u00a0<\/strong><\/p>\n<p><span style=\"text-decoration: underline;\">Presidente:<\/span><br \/>\nD. Juan Tom\u00e1s Mu\u00f1oz Garz\u00f3n.<br \/>\n<span style=\"text-decoration: underline;\">Vocales:<\/span><br \/>\nD. Manuel Choya Moreno.<br \/>\nD\u00aa Soraya Mangas Mu\u00f1oz.<br \/>\nD. Marcos Iglesias Caridad.<br \/>\nD\u00aa. Carolina Paniagua S\u00e1nchez.<br \/>\n<span style=\"text-decoration: underline;\">Secretario:<\/span><br \/>\nD. Carlos Cesar Casta\u00f1o Moreno.<\/p>\n<p><!--<strong><span style=\"text-decoration: underline;\">MESA DE CONTRATACI\u00d3N<\/span><\/strong>\n\n<span style=\"text-decoration: underline;\">Presidente:<\/span>\nD. Joaqu\u00edn Pellicer Valverde.\n<span style=\"text-decoration: underline;\">Vocales:<\/span>\nD. Domingo Benito Lucas.\nD\u00aa Bego\u00f1a Moro Castro.\nD. Marcos Iglesias Caridad.\nSecretario Municipal.\nInterventor Municipal.\nArquitecto Municipal.\n<span style=\"text-decoration: underline;\">Secretaria:<\/span>\nD\u00aa M\u00aa Teresa Mart\u00edn Garc\u00eda.\n\nPodr\u00e1n ser suplentes el resto de los miembros de cada Grupo municipal.--><\/p>\n<p><strong><span style=\"text-decoration: underline;\">COMISI\u00d3N INFORMATIVA ESPECIAL CARNAVAL DEL TORO 2019<\/span>\u00a0<\/strong><\/p>\n<p><span style=\"text-decoration: underline;\">Presidente:<\/span><br \/>\nD. Cristian Gonz\u00e1lez Holgado.<br \/>\n<span style=\"text-decoration: underline;\">Vocales:<\/span><br \/>\nD. Carlos Fern\u00e1ndez Chanca.<br \/>\nD. Manuel Choya Moreno.<br \/>\nD. Jos\u00e9 Manuel Jerez Rodr\u00edguez.<br \/>\nD. Ram\u00f3n Sastre Garc\u00eda.<br \/>\n<span style=\"text-decoration: underline;\">Secretario:<\/span><br \/>\nD. Carlos A. Hern\u00e1ndez Rubio.<br \/>\n<span style=\"text-decoration: underline;\">Secretaria suplente:<\/span><br \/>\nD\u00aa. Mar\u00eda Teresa Cubas P\u00e9rez.<\/p>\n","protected":false},"excerpt":{"rendered":"<p>\u00a0\u00d3rganos de Gobierno &#8211;&gt; Comisiones informativas. COMISIONES INFORMATIVAS. COMISI\u00d3N INFORMATIVA DE ECONOM\u00cdA Y HACIENDA, DESARROLLO Y R\u00c9GIMEN INTERIOR\u00a0 Presidente: D. Juan Tom\u00e1s Mu\u00f1oz Garz\u00f3n. Vocales: D. Manuel Choya Moreno. D\u00aa Soraya Mangas Mu\u00f1oz. D. Marcos Iglesias Caridad. D\u00aa. Carolina Paniagua S\u00e1nchez. Secretario: D. Carlos Cesar Casta\u00f1o Moreno. Secretario suplente: D. Carlos A. Hern\u00e1ndez Rubio. COMISI\u00d3N [&hellip;]<\/p>\n","protected":false},"author":1,"featured_media":0,"parent":0,"menu_order":0,"comment_status":"closed","ping_status":"closed","template":"","meta":{"footnotes":""},"class_list":["post-3019","page","type-page","status-publish","hentry"],"_links":{"self":[{"href":"https:\/\/www.ciudadrodrigo.es\/ayuntamiento\/wp-json\/wp\/v2\/pages\/3019","targetHints":{"allow":["GET"]}}],"collection":[{"href":"https:\/\/www.ciudadrodrigo.es\/ayuntamiento\/wp-json\/wp\/v2\/pages"}],"about":[{"href":"https:\/\/www.ciudadrodrigo.es\/ayuntamiento\/wp-json\/wp\/v2\/types\/page"}],"author":[{"embeddable":true,"href":"https:\/\/www.ciudadrodrigo.es\/ayuntamiento\/wp-json\/wp\/v2\/users\/1"}],"replies":[{"embeddable":true,"href":"https:\/\/www.ciudadrodrigo.es\/ayuntamiento\/wp-json\/wp\/v2\/comments?post=3019"}],"version-history":[{"count":8,"href":"https:\/\/www.ciudadrodrigo.es\/ayuntamiento\/wp-json\/wp\/v2\/pages\/3019\/revisions"}],"predecessor-version":[{"id":6440,"href":"https:\/\/www.ciudadrodrigo.es\/ayuntamiento\/wp-json\/wp\/v2\/pages\/3019\/revisions\/6440"}],"wp:attachment":[{"href":"https:\/\/www.ciudadrodrigo.es\/ayuntamiento\/wp-json\/wp\/v2\/media?parent=3019"}],"curies":[{"name":"wp","href":"https:\/\/api.w.org\/{rel}","templated":true}]}}