{"id":3338,"date":"2018-06-06T11:58:07","date_gmt":"2018-06-06T11:58:07","guid":{"rendered":"http:\/\/www.ciudadrodrigo.es\/ayuntamiento\/?page_id=3338"},"modified":"2018-06-06T12:04:16","modified_gmt":"2018-06-06T12:04:16","slug":"licitacion-suministro-de-material-de-construccion-para-diversas-obras-municipales","status":"publish","type":"page","link":"https:\/\/www.ciudadrodrigo.es\/ayuntamiento\/licitacion-suministro-de-material-de-construccion-para-diversas-obras-municipales\/","title":{"rendered":"Licitaci\u00f3n suministro de material de construcci\u00f3n para diversas obras municipales."},"content":{"rendered":"<table style=\"height: 32px;\" width=\"734\">\n<tbody>\n<tr>\n<td style=\"width: 20px; text-align: left; vertical-align: middle;\"><img loading=\"lazy\" decoding=\"async\" class=\"alignleft size-full wp-image-2584\" src=\"http:\/\/www.ciudadrodrigo.es\/ayuntamiento\/wp-content\/uploads\/2018\/04\/icono-atras.png\" alt=\"icono-atras\" width=\"20\" height=\"12\" \/><\/td>\n<td style=\"text-align: left; vertical-align: middle;\">Tr\u00e1mites y Gestiones &#8211;&gt;\u00a0<a href=\"http:\/\/www.ciudadrodrigo.es\/ayuntamiento\/perfil-del-contratante\/\">Perfil del Contratante<\/a> &#8211;&gt; <a href=\"https:\/\/www.ciudadrodrigo.es\/ayuntamiento\/perfil-del-contratante-suministros\/\">Suministros<\/a>\u00a0&#8211;&gt; <a href=\"https:\/\/www.ciudadrodrigo.es\/ayuntamiento\/suministros-adjudicaciones\/\"><b>Adjudicaciones<\/b><\/a><\/td>\n<\/tr>\n<\/tbody>\n<\/table>\n<p><em><strong>\u00d3RGANO DE CONTRATACI\u00d3N:<\/strong><\/em> Excmo. Ayuntamiento de Ciudad Rodrigo.<br \/>\n<strong><em>PROCEDIMIENTO DE ADJUDICACI\u00d3N:<\/em><\/strong> Negociado sin publicidad.<br \/>\n<em><strong>PRESENTACI\u00d3N DE OFERTAS:<\/strong><\/em> Hasta las 14:00 horas del d\u00eda 28 de octubre de 2016.<br \/>\n<em><strong>APERTURA SOBRE B:<\/strong> <\/em>A las 13:30 horas del d\u00eda 4 de noviembre de 2016.<br \/>\n<em><strong>ADJUDICACI\u00d3N:<\/strong><\/em> Acuerdo JGL 18\/11\/2016. LA CANTERIA S.C.L <em>(Descargar de documentos adjuntos)<\/em><\/p>\n<p>&nbsp;<\/p>\n<p><span style=\"text-decoration: underline;\"><strong>DOCUMENTOS:<\/strong><\/span><\/p>\n<table style=\"height: 96px;\" width=\"666\">\n<tbody>\n<tr>\n<td style=\"width: 30px; text-align: left; vertical-align: middle;\"><img loading=\"lazy\" decoding=\"async\" class=\"alignleft size-full wp-image-2515\" src=\"http:\/\/www.ciudadrodrigo.es\/ayuntamiento\/wp-content\/uploads\/2018\/04\/iconoDescargaPdf.png\" alt=\"iconodescargapdf\" width=\"30\" height=\"30\" \/><\/td>\n<td>\u00a0<a href=\"http:\/\/www.ciudadrodrigo.es\/ayuntamiento\/wp-content\/uploads\/2018\/06\/PLIEGO-DE-CONDICIONES-ADMINISTRATIVAS-1.pdf\" target=\"_blank\">Pliego de condiciones administrativas.<\/a><\/td>\n<\/tr>\n<tr>\n<td style=\"width: 30px; text-align: left; vertical-align: middle;\"><img loading=\"lazy\" decoding=\"async\" class=\"alignleft size-full wp-image-2515\" src=\"http:\/\/www.ciudadrodrigo.es\/ayuntamiento\/wp-content\/uploads\/2018\/04\/iconoDescargaPdf.png\" alt=\"iconodescargapdf\" width=\"30\" height=\"30\" \/><\/td>\n<td>\u00a0<a href=\"http:\/\/www.ciudadrodrigo.es\/ayuntamiento\/wp-content\/uploads\/2018\/06\/PLIEGO-DE-CONDICIONES-TeCNICAS.pdf\" target=\"_blank\">Pliego de condiciones t\u00e9cnicas.<\/a><\/td>\n<\/tr>\n<tr>\n<td style=\"width: 30px; text-align: left; vertical-align: middle;\"><img loading=\"lazy\" decoding=\"async\" class=\"alignleft size-full wp-image-2515\" src=\"http:\/\/www.ciudadrodrigo.es\/ayuntamiento\/wp-content\/uploads\/2018\/04\/iconoDescargaPdf.png\" alt=\"iconodescargapdf\" width=\"30\" height=\"30\" \/><\/td>\n<td>\u00a0<a href=\"http:\/\/www.ciudadrodrigo.es\/ayuntamiento\/wp-content\/uploads\/2018\/06\/Anuncio-de-adjudicacion-1.pdf\" target=\"_blank\">Anuncio de adjudicaci\u00f3n.<\/a><\/td>\n<\/tr>\n<\/tbody>\n<\/table>\n<p>&nbsp;<\/p>\n<p><span style=\"text-decoration: underline;\">CONTRATACI\u00d3N<\/span><br \/>\n<strong><em>Direcci\u00f3n:<\/em><\/strong>\u00a0Plaza Mayor, 27<br \/>\n<strong><em>E-mail:<\/em><\/strong>\u00a0contratacion@aytociudadrodrigo.es<\/p>\n","protected":false},"excerpt":{"rendered":"<p>Tr\u00e1mites y Gestiones &#8211;&gt;\u00a0Perfil del Contratante &#8211;&gt; Suministros\u00a0&#8211;&gt; Adjudicaciones \u00d3RGANO DE CONTRATACI\u00d3N: Excmo. Ayuntamiento de Ciudad Rodrigo. PROCEDIMIENTO DE ADJUDICACI\u00d3N: Negociado sin publicidad. PRESENTACI\u00d3N DE OFERTAS: Hasta las 14:00 horas del d\u00eda 28 de octubre de 2016. APERTURA SOBRE B: A las 13:30 horas del d\u00eda 4 de noviembre de 2016. ADJUDICACI\u00d3N: Acuerdo JGL 18\/11\/2016. [&hellip;]<\/p>\n","protected":false},"author":1,"featured_media":0,"parent":0,"menu_order":0,"comment_status":"closed","ping_status":"closed","template":"","meta":{"footnotes":""},"class_list":["post-3338","page","type-page","status-publish","hentry"],"_links":{"self":[{"href":"https:\/\/www.ciudadrodrigo.es\/ayuntamiento\/wp-json\/wp\/v2\/pages\/3338","targetHints":{"allow":["GET"]}}],"collection":[{"href":"https:\/\/www.ciudadrodrigo.es\/ayuntamiento\/wp-json\/wp\/v2\/pages"}],"about":[{"href":"https:\/\/www.ciudadrodrigo.es\/ayuntamiento\/wp-json\/wp\/v2\/types\/page"}],"author":[{"embeddable":true,"href":"https:\/\/www.ciudadrodrigo.es\/ayuntamiento\/wp-json\/wp\/v2\/users\/1"}],"replies":[{"embeddable":true,"href":"https:\/\/www.ciudadrodrigo.es\/ayuntamiento\/wp-json\/wp\/v2\/comments?post=3338"}],"version-history":[{"count":4,"href":"https:\/\/www.ciudadrodrigo.es\/ayuntamiento\/wp-json\/wp\/v2\/pages\/3338\/revisions"}],"predecessor-version":[{"id":3346,"href":"https:\/\/www.ciudadrodrigo.es\/ayuntamiento\/wp-json\/wp\/v2\/pages\/3338\/revisions\/3346"}],"wp:attachment":[{"href":"https:\/\/www.ciudadrodrigo.es\/ayuntamiento\/wp-json\/wp\/v2\/media?parent=3338"}],"curies":[{"name":"wp","href":"https:\/\/api.w.org\/{rel}","templated":true}]}}