{"id":3515,"date":"2018-06-08T11:12:03","date_gmt":"2018-06-08T11:12:03","guid":{"rendered":"http:\/\/www.ciudadrodrigo.es\/ayuntamiento\/?page_id=3515"},"modified":"2026-02-04T09:35:31","modified_gmt":"2026-02-04T08:35:31","slug":"feria-del-caballo","status":"publish","type":"page","link":"https:\/\/www.ciudadrodrigo.es\/ayuntamiento\/feria-del-caballo\/","title":{"rendered":"Feria del Caballo"},"content":{"rendered":"<p style=\"text-align: justify;\">Tienen lugar multitud de actividades relacionadas con este mundo.<br \/>\nEl Ayuntamiento de Ciudad Rodrigo organiza cada a\u00f1o con motivo de la celebraci\u00f3n de la Feria del Caballo un concurso fotogr\u00e1fico centrado en este certamen.<\/p>\n<div>\n<div><strong>Fecha:\u00a0Tercer fin de semana de Septiembre<\/strong><\/div>\n<\/div>\n<div><\/div>\n<div><img loading=\"lazy\" decoding=\"async\" class=\"size-medium wp-image-22711 alignleft\" src=\"https:\/\/www.ciudadrodrigo.es\/ayuntamiento\/wp-content\/uploads\/2026\/02\/ACR_6857-300x200.jpg\" alt=\"\" width=\"300\" height=\"200\" srcset=\"https:\/\/www.ciudadrodrigo.es\/ayuntamiento\/wp-content\/uploads\/2026\/02\/ACR_6857-300x200.jpg 300w, https:\/\/www.ciudadrodrigo.es\/ayuntamiento\/wp-content\/uploads\/2026\/02\/ACR_6857-1024x683.jpg 1024w, https:\/\/www.ciudadrodrigo.es\/ayuntamiento\/wp-content\/uploads\/2026\/02\/ACR_6857-768x512.jpg 768w, https:\/\/www.ciudadrodrigo.es\/ayuntamiento\/wp-content\/uploads\/2026\/02\/ACR_6857-1536x1024.jpg 1536w, https:\/\/www.ciudadrodrigo.es\/ayuntamiento\/wp-content\/uploads\/2026\/02\/ACR_6857-2048x1365.jpg 2048w, https:\/\/www.ciudadrodrigo.es\/ayuntamiento\/wp-content\/uploads\/2026\/02\/ACR_6857-1180x787.jpg 1180w, https:\/\/www.ciudadrodrigo.es\/ayuntamiento\/wp-content\/uploads\/2026\/02\/ACR_6857-800x533.jpg 800w, https:\/\/www.ciudadrodrigo.es\/ayuntamiento\/wp-content\/uploads\/2026\/02\/ACR_6857-650x433.jpg 650w, https:\/\/www.ciudadrodrigo.es\/ayuntamiento\/wp-content\/uploads\/2026\/02\/ACR_6857-440x293.jpg 440w, https:\/\/www.ciudadrodrigo.es\/ayuntamiento\/wp-content\/uploads\/2026\/02\/ACR_6857-375x249.jpg 375w\" sizes=\"auto, (max-width: 300px) 100vw, 300px\" \/><\/div>\n","protected":false},"excerpt":{"rendered":"<p>Tienen lugar multitud de actividades relacionadas con este mundo. El Ayuntamiento de Ciudad Rodrigo organiza cada a\u00f1o con motivo de la celebraci\u00f3n de la Feria del Caballo un concurso fotogr\u00e1fico centrado en este certamen. Fecha:\u00a0Tercer fin de semana de Septiembre<\/p>\n","protected":false},"author":1,"featured_media":0,"parent":0,"menu_order":0,"comment_status":"closed","ping_status":"closed","template":"","meta":{"footnotes":""},"class_list":["post-3515","page","type-page","status-publish","hentry"],"_links":{"self":[{"href":"https:\/\/www.ciudadrodrigo.es\/ayuntamiento\/wp-json\/wp\/v2\/pages\/3515","targetHints":{"allow":["GET"]}}],"collection":[{"href":"https:\/\/www.ciudadrodrigo.es\/ayuntamiento\/wp-json\/wp\/v2\/pages"}],"about":[{"href":"https:\/\/www.ciudadrodrigo.es\/ayuntamiento\/wp-json\/wp\/v2\/types\/page"}],"author":[{"embeddable":true,"href":"https:\/\/www.ciudadrodrigo.es\/ayuntamiento\/wp-json\/wp\/v2\/users\/1"}],"replies":[{"embeddable":true,"href":"https:\/\/www.ciudadrodrigo.es\/ayuntamiento\/wp-json\/wp\/v2\/comments?post=3515"}],"version-history":[{"count":4,"href":"https:\/\/www.ciudadrodrigo.es\/ayuntamiento\/wp-json\/wp\/v2\/pages\/3515\/revisions"}],"predecessor-version":[{"id":22712,"href":"https:\/\/www.ciudadrodrigo.es\/ayuntamiento\/wp-json\/wp\/v2\/pages\/3515\/revisions\/22712"}],"wp:attachment":[{"href":"https:\/\/www.ciudadrodrigo.es\/ayuntamiento\/wp-json\/wp\/v2\/media?parent=3515"}],"curies":[{"name":"wp","href":"https:\/\/api.w.org\/{rel}","templated":true}]}}

<p style="text-align: justify;">Tienen lugar multitud de actividades relacionadas con este mundo.<br />
El Ayuntamiento de Ciudad Rodrigo organiza cada año con motivo de la celebración de la Feria del Caballo un concurso fotográfico centrado en este certamen.</p>
<div>
<div><strong>Fecha: Tercer fin de semana de Septiembre</strong></div>
</div>
<div></div>
<div><img loading="lazy" decoding="async" class="size-medium wp-image-22711 alignleft" src="https://www.ciudadrodrigo.es/ayuntamiento/wp-content/uploads/2026/02/ACR_6857-300x200.jpg" alt="" width="300" height="200" srcset="https://www.ciudadrodrigo.es/ayuntamiento/wp-content/uploads/2026/02/ACR_6857-300x200.jpg 300w, https://www.ciudadrodrigo.es/ayuntamiento/wp-content/uploads/2026/02/ACR_6857-1024x683.jpg 1024w, https://www.ciudadrodrigo.es/ayuntamiento/wp-content/uploads/2026/02/ACR_6857-768x512.jpg 768w, https://www.ciudadrodrigo.es/ayuntamiento/wp-content/uploads/2026/02/ACR_6857-1536x1024.jpg 1536w, https://www.ciudadrodrigo.es/ayuntamiento/wp-content/uploads/2026/02/ACR_6857-2048x1365.jpg 2048w, https://www.ciudadrodrigo.es/ayuntamiento/wp-content/uploads/2026/02/ACR_6857-1180x787.jpg 1180w, https://www.ciudadrodrigo.es/ayuntamiento/wp-content/uploads/2026/02/ACR_6857-800x533.jpg 800w, https://www.ciudadrodrigo.es/ayuntamiento/wp-content/uploads/2026/02/ACR_6857-650x433.jpg 650w, https://www.ciudadrodrigo.es/ayuntamiento/wp-content/uploads/2026/02/ACR_6857-440x293.jpg 440w, https://www.ciudadrodrigo.es/ayuntamiento/wp-content/uploads/2026/02/ACR_6857-375x249.jpg 375w" sizes="auto, (max-width: 300px) 100vw, 300px" /></div>

<p>Tienen lugar multitud de actividades relacionadas con este mundo. El Ayuntamiento de Ciudad Rodrigo organiza cada año con motivo de la celebración de la Feria del Caballo un concurso fotográfico centrado en este certamen. Fecha: Tercer fin de semana de Septiembre</p>
